 a = -1518 + 1532. What is the remainder when 237 is divided by a?
13
Let j be 4 + 0/((-5)/(-5)). Let q = j - -10. Suppose 2*r = 4*r + 5*c - 58, -3*c + 27 = r. Calculate the remainder when r is divided by q.
11
Suppose 17*f - 7*f - 80 = 0. Calculate the remainder when f is divided by 6.
2
Suppose 2*z + 1641 = 3*q, -2*z = 3*q + 794 - 2423. Let o = q + -306. Calculate the remainder when o is divided by 48.
47
Let p be ((-11)/4)/((-48)/384). Let g be ((-12)/10)/((-1)/5). Suppose -k + g = s - 2*k, 4*s - p = 2*k. Calculate the remainder when 14 is divided by s.
4
Let h = -187 - -194. Let r = 3 + -1. Calculate the remainder when h is divided by r.
1
Let r be (-15)/(2*3/6). Let j = r - -30. Suppose 0 = 4*y + c - 45, -5*c + j = -4*y + 3*y. What is the remainder when y is divided by 3?
1
Let c = 16 + -19. What is the remainder when (-73)/c - (-7)/((-21)/(-2)) is divided by 4?
1
Let d(n) = 2*n + 24. Let l = 15 + -4. What is the remainder when d(-2) is divided by l?
9
What is the remainder when (4 + 74)/(-7 + 8) is divided by 20?
18
Let o(i) = i**2 - 8*i + 41. Calculate the remainder when o(0) is divided by 8.
1
Suppose -2*x - 56 = -6*x. Let y be (-126)/(-7) + 2/1. What is the remainder when (-1)/((-6)/y)*(-198)/(-12) is divided by x?
13
Let n(u) = -151*u - 191. Calculate the remainder when n(-3) is divided by 67.
61
Suppose 0 = -4*r - r + 155. Calculate the remainder when 54 is divided by r.
23
Suppose 6*i - 35 - 163 = 0. Calculate the remainder when 90 is divided by i.
24
Let y be ((-9)/(-5))/((-8)/(-4280)). Suppose -13*q + y + 636 = 0. What is the remainder when q is divided by 32?
27
Let t be ((-3)/5)/((-1)/5). Suppose -t*n + 10 = -n. Suppose -5*a = -n - 10. What is the remainder when 8 is divided by a?
2
Let a = 26 + 5. Suppose -y = a - 10. Let q = 35 + y. What is the remainder when 38 is divided by q?
10
Suppose -3*l - 14 = -56. What is the remainder when 109 is divided by l?
11
What is the remainder when 82 + -1*(0 + 1) is divided by 22 + 0 + -3 + 2?
18
What is the remainder when 142 is divided by (6/8)/1 - 35482/(-904)?
22
Let x be (2/6)/(13/117). Suppose -2*y + 117 = j, -j + 297 = x*y + 2*y. Let o = -5 + 26. What is the remainder when y is divided by o?
18
Let y = -175 - -182. What is the remainder when 27 is divided by y?
6
Let b(r) = -6*r - 14. What is the remainder when 14 is divided by b(-3)?
2
Suppose -4*j = o + 6, 26 = 2*o + o + j. Let g(p) = -p**2 + 36*p + 80. Calculate the remainder when o is divided by g(38).
2
Suppose -5*p + 0*p = -2*i - 390, -137 = -2*p - 3*i. Let w = -325 + 195. Let x = -110 - w. What is the remainder when p is divided by x?
16
Let l = 166 + -144. What is the remainder when 40 is divided by l?
18
Calculate the remainder when 79 is divided by (43 - -1)/(69 + -68).
35
Let z(k) = -8*k**3 - 4*k**2 - 4*k - 3. Let l be z(-2). Suppose 2*f - 6*f - t = -l, 2*t - 36 = -3*f. What is the remainder when 25 is divided by f?
11
Suppose -153 = -3*z - 6*z. Suppose 3*i + 5*v = i + 13, -2*i + z = v. What is the remainder when i is divided by 5?
4
Let j(o) = -2*o**2 - 2*o - 6. Let s be j(-3). What is the remainder when 2 + 0 - 1*s is divided by 7?
6
Calculate the remainder when 76 is divided by 6/9 - (-3 + (-44)/6).
10
Let f = 294 + -289. Calculate the remainder when 10 is divided by f.
0
Let v = 2 + 9. Suppose 4*r - 33 = -d, 3*r + 0*r + 2*d = 31. Calculate the remainder when v is divided by r.
4
Let t = -1397 + 1478. What is the remainder when 1214 is divided by t?
80
Suppose -21 = v - 3*s + 13, -s = -5*v - 100. Let j = -5 - v. Suppose -z = -2*z + j. What is the remainder when 39 is divided by z?
11
Let a = -6 + 16. Let f(j) = -j**3 - 3*j**2 - 3*j. What is the remainder when f(-4) is divided by a?
8
Let y be (24/28)/((-1)/(-7)). Suppose 2 + y = -4*n. Let k = 20 - n. Calculate the remainder when k is divided by 8.
6
Suppose y - 2*i - 1 = 3, 5*y - 2*i - 12 = 0. Suppose 2*a - 77 = -a - 5*c, a - 24 = -y*c. Calculate the remainder when a is divided by 6.
4
Suppose 0 = -7*a - 2*a + 279. Calculate the remainder when 92 is divided by a.
30
Suppose -103 = -25*o + 172. What is the remainder when 196 is divided by o?
9
Suppose -235 = -7*x + 269. What is the remainder when x is divided by 29?
14
Suppose 2*o = -2*a + 660, 0 = 4*o - 3*a - 1346 + 47. Calculate the remainder when o is divided by 47.
45
Let w(m) = 2*m**3 + 111*m**2 - 59*m + 139. What is the remainder when w(-56) is divided by 62?
59
Suppose -289 = 52*l - 2733. What is the remainder when l is divided by 16?
15
Let f be ((-6)/(-8))/(2/392). Suppose 4*o + o + n = f, 2*o = n + 63. Calculate the remainder when o is divided by 5.
0
Suppose -419 + 5985 = 22*w. What is the remainder when w is divided by 26?
19
Let a be (((-6)/4)/3)/((-15)/120). Calculate the remainder when ((-5)/a)/(9/(-72)) is divided by 3.
1
What is the remainder when (-4)/26 - -111*(-618)/(-234) is divided by 77?
62
Suppose 10*k - 416 - 554 = 0. What is the remainder when k is divided by 21?
13
Suppose -3*l + 2*l = 3. Let h be ((-2)/(-3))/(l/(-9)). Suppose -h*m - 3 + 27 = 0. What is the remainder when 23 is divided by m?
11
Suppose -2*b = -4*x - 5*b + 298, 5*b + 10 = 0. Suppose -2*m + 24 = -2*v, 5*m + 0*v = -3*v + x. Calculate the remainder when 40 is divided by m.
12
Suppose -3*j - 24*m + 733 = -26*m, 725 = 3*j + 2*m. Calculate the remainder when j is divided by 82.
79
Suppose 0 = -5*p + 214 - 34. Suppose l = -3*m + 47, -2*l - 107 = -5*m - p. Calculate the remainder when 103 is divided by m.
13
Let i be (40/6)/((-7)/(-84)). Suppose 0 = 14*l - 9*l + i. Let m = -3 - l. What is the remainder when m is divided by 7?
6
Suppose 5*a - 2*k - 65 = -0*a, 26 = 2*a + 2*k. Suppose -10*t + a = -37. What is the remainder when (-8)/6*(1 + -10) is divided by t?
2
Suppose -4*w = 11 - 79. Let k = 1 - -1. Let f(s) = s**2 - s + 4. What is the remainder when w is divided by f(k)?
5
Suppose -3*o - r = -8, 3*r + 4 = o - 12. Suppose -5*h + o*h + 21 = 0. What is the remainder when h is divided by 5?
1
Suppose 0 = 57*y - 61*y + 20. Suppose -y*s + s - 2*t + 60 = 0, 0 = -2*s + 2*t + 42. Calculate the remainder when 48 is divided by s.
14
Let v = -526 - -689. What is the remainder when v is divided by 31?
8
Let i = 1 - -8. Let t(y) = y + 2. Calculate the remainder when 43 is divided by t(i).
10
Let n = 66 - -9. Suppose -7*p = -n + 19. Calculate the remainder when p is divided by 4.
0
Let b(p) = p + 12. Let g be b(-9). Suppose 5*h - 216 = g*h. What is the remainder when h is divided by 37?
34
Suppose 6*j = -2*d + 2*j + 24, -d = -4*j - 6. Let f = 15 - 11. Suppose -4*v - 4*y - 9 = -65, -3*v - f*y + 38 = 0. What is the remainder when v is divided by d?
8
Let v(s) = s**3 - 3*s**2 + 2*s - 4. Let w be v(3). Suppose 1 = g - w. What is the remainder when 51 is divided by (-9)/(-4 + 11/g)?
24
Suppose -4*t + 127 = 5*r - 3*t, -3*t = -3*r + 69. Calculate the remainder when 115 is divided by r.
15
Suppose 84*o - 88*o + 8 = 0. Suppose -o*a - 3*h + 16 = 0, -a + h = -h - 8. Suppose -2*x + 7*x - 20 = 0. Calculate the remainder when a is divided by x.
0
Suppose -31 = -3*n + 2*n + 4*j, -2*n + 42 = 2*j. Let v = -16 - -22. Suppose 0 = 59*g - 61*g + v. Calculate the remainder when n is divided by g.
2
Let y(m) = 17*m - 49. Calculate the remainder when y(10) is divided by 63.
58
Let t = 12 + -20. Let q = -5 - t. Suppose 61 + 5 = q*c. What is the remainder when 64 is divided by c?
20
Let b be (-3)/(-1) - 1*-10. Let y = b - 33. Let f = y + 38. What is the remainder when f is divided by 5?
3
Let j = -29 + 35. Let m(s) = s**2 + s - 1. What is the remainder when m(j) is divided by 9?
5
Let k be (-1235)/20 + 2/(-8). Let p be 9/18*k*1. What is the remainder when (p/2)/((-1)/2) is divided by 11?
9
Let h = -9 + 14. Suppose h*t - 76 = 5*c - 241, -63 = -c - 5*t. Calculate the remainder when c is divided by 13.
12
Let r be (135/(-6))/((-3)/20). Let p = -120 + r. What is the remainder when 179 is divided by p?
29
Let o be ((-12)/(-10))/(4/50). Let n = -10 + o. What is the remainder when 19 is divided by n?
4
Suppose -19*g + 810 = -10*g. What is the remainder when g is divided by 6?
0
Let k(c) = -53*c + 68. Let n(u) = -u**2 + 3*u + 4. Let q be 4*2*3/8. What is the remainder when k(1) is divided by n(q)?
3
Suppose -2*i = 3*i - 220. Calculate the remainder when ((-294)/(-8))/((-6)/(-16)